 + (4 + 12 - 13) + 13.
14
-10 + 5 - (-1 + 2)
-6
What is the value of -4 - ((-7 + 21 - 10) + -11) - -11?
14
What is -37 - (13 + -5 + (-8 - (-6 - -12)))?
-31
What is the value of (28 - 48) + 18 + -14 + -1?
-17
What is 12 + 0 - 0 - ((-38 - -15) + 27)?
8
What is 123 - 164 - (-1 - (19 + -3))?
-24
Evaluate (21 - (-9 - -7)) + -27.
-4
Calculate (5 - (-6 - -15)) + (40 - -10) + -7.
39
22 - 25 - ((-14 - -17) + -38)
32
Calculate 972 + -961 - (0 + 22 + -1).
-10
What is the value of -15 + 7 + -13 + 1 + 9?
-11
What is the value of (-12 - -25) + (-4 - 2) - 0?
7
What is the value of 17 + (-5 + 1 - 14)?
-1
What is the value of (31 - 14) + -23 + (1 - -14)?
9
What is 2 + 14 + -24 + 13?
5
-2 + (-3 - 5) + -2
-12
Evaluate 9 + (19 - 16) + -9.
3
What is 3 - (-11 + -1 + 6 + -7 - -2)?
14
-8 - (0 + -5 - -10) - (-1 - -2)
-14
Calculate -159 + 182 - (-1 + 17).
7
What is (16 - -1) + -1 - (-46 - -89 - 44)?
17
What is (0 - -1) + -15 + (-787 - -803)?
2
What is -4 - -26 - (7 - (0 + 2)) - 7?
10
Evaluate (1567 - 1597) + -1 + 47.
16
What is the value of 29 + (30 - 11 - 34) + (1 - -5)?
20
Evaluate -19 + 6 - (6 - 30).
11
What is -12 + 14 + -4 - 1 - 1?
-4
Evaluate (1 - 2) + (29 + -18 - (10 - 2)).
2
What is the value of 1 + (8 - 13) + 3?
-1
What is 27 + 40 + -126 + 32?
-27
What is the value of ((7 - 13 - -35) + -6 - -2) + -6?
19
What is (-1 - 1) + 9 + (15 - 16) + 5?
11
-28 - (-12 - (-10 - -10))
-16
What is the value of -6 + -20 + 16 - -7?
-3
Calculate (-17 - -11) + 6 + (-24 - 0).
-24
Calculate 24 + 9 + -20 - 29.
-16
(3 - 2 - 10) + (-44 + 11 - -30)
-12
Calculate -217 - -203 - (-4 - -1 - 21).
10
-40 + (18 - -39) + -33
-16
What is 6 + -2 + 17 + -26?
-5
What is the value of 9 + -16 + 41 + (15 - 16)?
33
What is the value of (0 - 6 - -2) + (-2 - -1 - -8)?
3
What is the value of -111 - -128 - (1 + 27)?
-11
(3 - 34 - -17) + 22
8
Calculate -2 + 0 - (-2 - -13).
-13
What is the value of 6 - ((19 - 15) + 6 + -3)?
-1
What is the value of -20 - (-2 + -3 - 2)?
-13
1 + -1 + 6 - (-36 - -48)
-6
11 - 2 - ((0 - -1) + -2 - 1)
11
What is the value of -15 + 15 - (11 - 4)?
-7
What is the value of -2 - (-14 - ((-1 - 6) + -4))?
1
What is 12 + -8 + -17 + 0?
-13
-25 - -10 - (-8 - (-3 - -11))
1
Calculate 202 - 180 - (-2 - -31).
-7
35 - 41 - (4 + -9) - -14
13
Calculate 57 + -14 + (7 + -2 - 18).
30
Calculate -2 + -17 + (-5 - -4) - -5 - -4.
-11
What is the value of -6 + -9 - (28 - 40)?
-3
Calculate -2 + 5 + 3 + -12 + 18.
12
Evaluate -3 + (22 - (-4 + 48)).
-25
What is the value of 2 + 9 - (23 - 21)?
9
Calculate 6 - (-9 - -20 - 10).
5
3 + -13 + 8 + 6 + 3 + -18
-11
What is 2 + 4 - (13 - 12 - 14 - -10)?
9
What is the value of -3 + (14 - 10) + -10?
-9
What is 2 + -2 - (60 - 53)?
-7
What is -3 + -14 + ((-7 - -9) + 7 - 8)?
-16
15 + -4 + (3 - 29) + 11
-4
What is 25 + -12 - 32 - (1 + -1)?
-19
What is -7 - (11 + 1 + (-14 - (-47 - -40)))?
-12
Evaluate 13 + (-32 + 73 - 35).
19
Calculate (-14 - -1 - -11) + -3.
-5
Evaluate -1 + (-5 - 0) - ((18 - 6) + -7).
-11
-7 - (-7 + 3 + 4 - -4)
-11
(2 + 1 + 0 + -8 - -1) + -7
-11
7 - (20 - (14 + -8))
-7
Evaluate -1 + -8 + 17 + -11 + 9 + -3.
3
Calculate 0 + -11 - (-17 - (19 + -33)) - 0.
-8
-8 + 0 - 3 - (-2 + (11 - 6))
-14
What is -36 - -33 - -33 - -4?
34
Evaluate -1 - (11 + -19) - 9.
-2
Calculate -9 + (-26 - -20) + 21.
6
What is 3 - (-4 - ((-6 - -9) + -7))?
3
What is the value of 2 - -18 - (551 + -545)?
14
Calculate -6 + (7 - (-1 - 0) - (13 - -25)).
-36
Calculate 8 - -1 - (-1 + 6 + -15 + 4).
15
What is the value of -15 + -16 + 28 + (-6 - -2)?
-7
Evaluate -3 + (-7 + 1 - -22) + 13.
26
What is -5 - (-4 - (6 - 12 - 8))?
-15
Evaluate 0 + (4 - -2) - 15.
-9
What is -13 + 25 + -5 - (14 + 2 + -1)?
-8
What is the value of 10 - (20 + 2 - 8)?
-4
What is the value of -1 + -1 + 0 + (-4 - (-14 + 5))?
3
What is the value of 20 + 0 + -2 + (13 - (-13 - -23))?
21
-1 + 15 + (-84 - -72) + -15 + 2
-11
Evaluate -15 + 7 - (-1 + 1 + (-1 - 4)).
-3
Evaluate 9 - (24 - (-26 + 26)).
-15
Evaluate (14 - (19 - -7)) + -2 + 6.
-8
What is (4 - -5) + 7 + 10?
26
Calculate 8 + (25 + 6 - (10 - (3 - 2))).
30
What is 7 + -1 + (-25 + 27 - 13)?
-5
Evaluate 36 + (35 - (8 + 41)).
22
What is -7 + (12 - 4 - 2 - (-2 + 9))?
-8
Evaluate -15 - (-18 - (27 - 19)).
11
2 + -11 + 6 + 41 + (10 - 16)
32
10 - ((25 - (29 - 6)) + (0 - 0))
8
24 - (28 - (25 + -6))
15
What is the value of 8 + (-5 + -1 - (-15 + 5 + 3))?
9
What is 6 + (-9 + 2 - -22)?
21
20 - (-31 + 18 + 19)
14
What is the value of -7 + -5 + 24 + -31?
-19
Calculate 7 + (0 - 4) + 3 - -6.
12
Evaluate 1 + 16 - (-5 + -4 - -16).
10
What is -5 + (-18 - (17 - 28))?
-12
What is the value of -32 - -10 - -26 - (4 - -1)?
-1
What is the value of -1 - (0 - 0) - (-12 + 9 - -3)?
-1
(67 - 51 - (2 - 1 - -3)) + -4
8
What is -10 - (4 - 14) - -13?
13
6 + (-1 - (5 - 2 - 7)) + 8
17
Evaluate -5 - (1 - (-12 + 5 - -2)) - 1.
-12
Calculate -248 + 201 + (-1 - -29).
-19
Calculate -16 + 42 + -2 + -4.
20
What is -5 - -3 - (-2 + -5 + -1)?
6
Evaluate 78 + 59 + -123 + -4 + -1.
9
What is -2 + -14 - (3 + -15)?
-4
What is 53 - -2 - (-293 + 325)?
23
Calculate 1 + -1 + -10 + 31 + -31.
-10
Calculate -1 - (-8 - (-2 + 1 + -13)) - 4.
-11
Evaluate -3 - (3 - (5 + -5) - -4).
-10
Evaluate (0 - (4 + 1)) + -34 + (-156 - -196).
1
Calculate -29 - 0 - (-37 - (-14 - 25)).
-31
What is the value of 3 - 22 - 4 - (-10 - -2)?
-15
Evaluate 28 + (47 - 40 - (18 - 2)).
19
Evaluate 74 + -63 + (-7 - (-1 - 0)).
5
Evaluate 3 + (41 - 24) - 12.
8
-5 + 15 + (7 - 18 - -2)
1
What is the value of -24 - -22 - (-8 - -7)?
-1
-20 + (0 - 4) - (9 + 7 + -8)
-32
Evaluate -10 + -3 + (19 - 10) + 2.
-2
What is the value of 7 + (13 - (8 + (-3 - 14))) - 3?
26
What is the value of 5 - 0 - ((-11 - -1) + 17 + 1)?
-3
Calculate (-18 - (-7 - 12)) + -16 + 20.
5
Calculate 21 + (2 - 9) + -25.
-11
What is -27 - (-27 + 40 + -18)?
-22
(-15 - 0) + (53 - -34 - 48)
24
Calculate 3 - (-21 + 23 + 7).
-6
What is the value of 1 + (2 + 0 + 3 - (-71 - -67))?
10
What is the value of (-17 - (11 - 43)) + -14?
1
What is the value of (0 - -16) + -113 + 100 - (1 + 13)?
-11
Calculate 13 + -26 + (-5 - (-9 - -5)).
-14
Evaluate -269 - -279 - (-1 - -7).
4
Evaluate 8 - (-6 + 14 + (-12 - -7)).
5
What is the value of 20 - (6 - 13) - 16?
11
-1 + -8 + -2 + 19
8
0 - (-6 + 5 + 16)
-15
What is the value of -5 + -2 + -1 - -22 - (-2 - 10)?
26
Calculate 5 - ((8 + -2 - 10) + 1).
8
27 + 7 + (-33 - -11)
12
Evaluate 381 + -378 - (8 - 1).
-4
Evaluate -8 - (-8 + -13 - -1).
12
Evaluate -2 - (12 + -24 + -3).
13
9 + 1 + (5 - 16)
-1
-14 - (-4 + -1) - -17 - (5 + -1)
4
Calculate -14 + 20 - (5 + 6 - 4).
-1
What is 2 - (15 - 10) - -24 - (-2 - -2)?
21
-9 + 16 + -6 - (0 + 2 - 3)
2
(-12 + 18 - 9) + (0 - (6 + -2))
-7
What is the value of (0 - (-4 - (-6 - -1))) + (3 - 2)?
0
Calculate -6 + -1 + (-107 - -110) - 7.
-11
What is the value of (18 - 26) + -2 + 4 + (31 - 3)?
22
Calculate -35 + 37 + -7 - 11.
-16
Calculate -47 + 24 - ((-1 - 0) + -3).
-19
What is -3 - ((-2 + 0 - 9) + 4) - 6?
-2
What is the value of -4 + (-27 - -14) + 3?
-14
Calculate -22 + (-7 + (9 - 13) - -13).
-20
Evaluate 5 + (-31 + -7 - (-4 + (1 - 5))).
-25
What is 2 - 6 - (10 + (7 - 14))?
-7
Calculate 5 + -1 + (-5 - (28 + -42)).
13
What is (8 + (-9 - 5) - (11 + -11)) + -1?
-7
What is the value of -19 - (3 - (-14 + 26))?
-10
Evaluate (0 - 20) + -88 + 89 - (-1 + -5).
-13
9 + (2 - 1) - 17
-7
Calculate -2 - -4 - 12 - (202 - 217).
5
What is (2 - -8) + 5 + 4 - (11 + -3)?
11
(-3 - (-39 + 22)) + -5 + 1
10
What is (-5 - 1) + -2 + (45 - 28)?
9
-2 - ((4 - 11) + (0 - -2) - 0)
3
Evaluate 18 + -1 - (-198 - -208).
7
What is -8 + 8 - (-2 + (4 - -7))?
-9
27 + (-11 - -13) + -23
6
What is the value of (7 - (2 - (-3 - 3))) + 12 + 6?
17
What is the value of (843 - 828) + -16 + -1?
-2
-24 - -16 - 43 - -14 - -9
-28
What is the value of 12 + (-19 - (-2 - 1 - 2))?
-2
What is -5 - ((6 - 3) + 5 - (-38 + 41))?
-10
What is the value of -10 - (13 - (1 - (14 - 27)))?
-9
(4 + (-4 - -9) - 24) + 13
-2
What is (-4 - 6 - 0) + 3 + -1?
-8
Evaluate 35 + (11 + 29 - 73).
2
Evaluate 17 - (-2 - (-8 + 22)).
33
Calculate 3 + -43 + 22 - -33.
15
Evaluate 4 + (3 - 3 - -1) + (-33 - -25).
-3
-9 - (1 + (10 - 1) + -5)
-14
Calculate (-13 - -11) + 11 - 3 - 12.
-6
10 + (2 - (-2 + 4 - -6)) + -9
-5
Calculate -18 - (-78 - -66 - (2 + -9)).
-13
What is the value of 6 + -36 + 12 + -6?
-24
What is the value of -3 + (-3 + 20 - 27)?
-13
